 greatest common divisor of 90 and 270.
90
What is the greatest common factor of 35 and 2905?
35
Calculate the highest common divisor of 576 and 64.
64
What is the highest common factor of 9 and 433?
1
What is the highest common divisor of 21 and 336?
21
What is the greatest common factor of 29 and 899?
29
Calculate the greatest common divisor of 1950 and 117.
39
Calculate the greatest common divisor of 36 and 414.
18
What is the greatest common factor of 316 and 711?
79
Calculate the highest common factor of 205 and 1271.
41
What is the highest common factor of 114 and 912?
114
What is the greatest common factor of 108 and 1056?
12
What is the highest common factor of 60 and 438?
6
What is the greatest common factor of 540 and 20?
20
Calculate the greatest common divisor of 48 and 2760.
24
Calculate the greatest common factor of 168 and 1428.
84
What is the greatest common factor of 14198 and 217?
31
Calculate the highest common factor of 864 and 1431.
27
What is the highest common factor of 15040 and 32?
32
Calculate the highest common divisor of 500 and 4.
4
What is the greatest common divisor of 15 and 1905?
15
Calculate the highest common factor of 66 and 726.
66
Calculate the highest common factor of 1152 and 144.
144
Calculate the highest common factor of 583 and 11.
11
What is the highest common factor of 40 and 1940?
20
What is the highest common divisor of 1 and 3980?
1
What is the highest common divisor of 1524 and 4?
4
Calculate the highest common factor of 198 and 1067.
11
What is the greatest common factor of 7240 and 140?
20
What is the highest common factor of 32 and 3648?
32
What is the greatest common divisor of 266 and 38?
38
What is the highest common divisor of 11045 and 470?
235
What is the greatest common divisor of 32 and 496?
16
What is the highest common divisor of 1903 and 2768?
173
Calculate the highest common factor of 20 and 724.
4
What is the highest common factor of 143 and 299?
13
Calculate the greatest common factor of 1599 and 861.
123
Calculate the greatest common divisor of 119 and 17.
17
Calculate the highest common divisor of 560 and 910.
70
What is the highest common factor of 505 and 55?
5
Calculate the greatest common divisor of 2343 and 99.
33
What is the greatest common factor of 5 and 1049?
1
What is the highest common factor of 451 and 44?
11
What is the highest common factor of 46 and 253?
23
What is the greatest common divisor of 48 and 412?
4
Calculate the highest common factor of 8 and 1204.
4
Calculate the greatest common factor of 30 and 70.
10
Calculate the greatest common factor of 3660 and 255.
15
Calculate the highest common divisor of 20 and 2180.
20
Calculate the greatest common factor of 4935 and 135.
15
What is the highest common divisor of 861 and 1394?
41
What is the highest common divisor of 1426 and 69?
23
What is the greatest common factor of 624 and 3952?
208
What is the greatest common divisor of 339 and 1921?
113
Calculate the greatest common divisor of 65 and 585.
65
What is the highest common factor of 357 and 126?
21
Calculate the greatest common divisor of 238 and 42.
14
Calculate the greatest common divisor of 34 and 17102.
34
What is the greatest common divisor of 48 and 900?
12
Calculate the highest common divisor of 205 and 10.
5
What is the highest common divisor of 627 and 231?
33
What is the greatest common factor of 125 and 75?
25
Calculate the greatest common divisor of 725 and 15805.
145
Calculate the greatest common factor of 2 and 15004.
2
What is the highest common factor of 63 and 2?
1
Calculate the greatest common divisor of 565 and 2712.
113
Calculate the greatest common divisor of 400 and 20.
20
Calculate the greatest common factor of 34 and 2329.
17
What is the greatest common factor of 418 and 1298?
22
What is the highest common divisor of 581 and 7?
7
What is the greatest common factor of 18 and 3528?
18
Calculate the highest common divisor of 50301 and 69.
69
Calculate the highest common factor of 306 and 170.
34
What is the highest common divisor of 12 and 18?
6
What is the highest common divisor of 6 and 570?
6
Calculate the highest common factor of 112 and 440.
8
What is the highest common factor of 14 and 14882?
14
What is the greatest common divisor of 809 and 1?
1
Calculate the greatest common divisor of 385 and 42.
7
Calculate the greatest common factor of 84 and 21952.
28
What is the greatest common factor of 156 and 4?
4
Calculate the greatest common divisor of 72 and 288.
72
Calculate the highest common divisor of 32 and 8416.
32
Calculate the greatest common factor of 11 and 979.
11
Calculate the highest common factor of 1715 and 6125.
245
What is the greatest common divisor of 15535 and 130?
65
What is the highest common divisor of 1264 and 16?
16
What is the highest common divisor of 530 and 1050?
10
Calculate the greatest common factor of 9 and 225.
9
What is the greatest common divisor of 2639 and 65?
13
Calculate the highest common factor of 9008 and 64.
16
Calculate the highest common divisor of 264 and 33.
33
What is the greatest common divisor of 4897 and 59?
59
Calculate the greatest common divisor of 1976 and 442.
26
What is the greatest common factor of 1445 and 204?
17
Calculate the highest common factor of 220 and 715.
55
Calculate the greatest common factor of 2300 and 100.
100
Calculate the greatest common factor of 96 and 324.
12
What is the greatest common divisor of 504 and 56?
56
What is the greatest common divisor of 14 and 189?
7
What is the highest common factor of 490 and 130?
10
Calculate the highest common divisor of 418 and 33.
11
What is the highest common factor of 8 and 6340?
4
Calculate the greatest common divisor of 918 and 378.
54
Calculate the highest common divisor of 57 and 3.
3
Calculate the highest common divisor of 153 and 3264.
51
Calculate the highest common divisor of 52593 and 282.
141
Calculate the highest common divisor of 4533 and 3.
3
Calculate the highest common factor of 2064 and 144.
48
What is the greatest common factor of 105 and 3885?
105
Calculate the highest common divisor of 40 and 890.
10
What is the greatest common factor of 4125 and 300?
75
Calculate the greatest common factor of 1611 and 18.
9
What is the highest common factor of 16485 and 420?
105
What is the highest common divisor of 315 and 455?
35
Calculate the greatest common divisor of 126 and 945.
63
What is the highest common divisor of 156 and 15171?
39
Calculate the highest common factor of 221 and 143.
13
What is the greatest common divisor of 16 and 4?
4
What is the highest common factor of 14 and 21?
7
Calculate the highest common factor of 171 and 9.
9
Calculate the greatest common factor of 256 and 64.
64
Calculate the greatest common divisor of 2 and 382.
2
What is the greatest common divisor of 15 and 600?
15
What is the greatest common divisor of 158 and 4?
2
Calculate the greatest common divisor of 20 and 712.
4
Calculate the greatest common divisor of 48 and 4116.
12
Calculate the greatest common factor of 303 and 101.
101
What is the highest common divisor of 49 and 1?
1
Calculate the highest common factor of 415 and 20.
5
Calculate the greatest common divisor of 24 and 96.
24
Calculate the greatest common factor of 168 and 12656.
56
What is the highest common divisor of 48 and 348?
12
What is the greatest common divisor of 392 and 21?
7
Calculate the highest common factor of 53 and 106.
53
What is the greatest common divisor of 51 and 1479?
51
Calculate the greatest common divisor of 568 and 64.
8
What is the greatest common divisor of 4 and 2144?
4
Calculate the highest common factor of 341 and 465.
31
Calculate the highest common factor of 42 and 1554.
42
Calculate the highest common divisor of 30 and 25635.
15
Calculate the greatest common divisor of 2432 and 171.
19
Calculate the greatest common factor of 336 and 588.
84
What is the highest common divisor of 156 and 4836?
156
Calculate the greatest common divisor of 96 and 34912.
32
Calculate the greatest common divisor of 1488 and 1054.
62
What is the greatest common factor of 56 and 2968?
56
What is the highest common factor of 602 and 2268?
14
Calculate the greatest common factor of 4352 and 816.
272
Calculate the highest common divisor of 150 and 90